{"id":1528,"date":"2025-11-12T15:23:19","date_gmt":"2025-11-12T14:23:19","guid":{"rendered":"https:\/\/enseigner-dev.uqat.ca\/?page_id=1528"},"modified":"2026-04-20T20:57:54","modified_gmt":"2026-04-20T18:57:54","slug":"pedagogie-active-et-inclusive","status":"publish","type":"page","link":"https:\/\/enseigner.uqat.ca\/?page_id=1528","title":{"rendered":"Soutenir la r\u00e9ussite"},"content":{"rendered":"\t\t<div data-elementor-type=\"wp-page\" data-elementor-id=\"1528\" class=\"elementor elementor-1528\" data-elementor-post-type=\"page\">\n\t\t\t\t<div class=\"elementor-element elementor-element-5caea76 e-flex e-con-boxed e-con e-parent\" data-id=\"5caea76\" data-element_type=\"container\" data-e-type=\"container\">\n\t\t\t\t\t<div class=\"e-con-inner\">\n\t\t<div class=\"elementor-element elementor-element-4ee1993 e-con-full e-flex e-con e-child\" data-id=\"4ee1993\" data-element_type=\"container\" data-e-type=\"container\">\n\t\t\t\t<div class=\"elementor-element elementor-element-15136e8 elementor-widget elementor-widget-text-editor\" data-id=\"15136e8\" data-element_type=\"widget\" data-e-type=\"widget\" data-widget_type=\"text-editor.default\">\n\t\t\t\t<div class=\"elementor-widget-container\">\n\t\t\t\t\t\t\t\t\t<p>Apprenez-en plus sur les strat\u00e9gies p\u00e9dagogiques qui favorisent l\u2019engagement et la r\u00e9ussite des personnes \u00e9tudiantes dans les articles suivants :<\/p><ul><li><a href=\"https:\/\/enseigner.uqat.ca\/?p=973\">\u00c9laborer des activit\u00e9s d\u2019apprentissage<\/a><\/li><li><a href=\"https:\/\/enseigner.uqat.ca\/?p=1068\">Favoriser un climat de classe propice aux apprentissages<\/a><\/li><li><a href=\"https:\/\/enseigner.uqat.ca\/?page_id=1541\">Enseignement et Peuples autochtones<\/a><\/li><li><a class=\"active\" href=\"https:\/\/enseigner.uqat.ca\/?p=988\">Favoriser la r\u00e9ussite des \u00e9tudiant\u00b7e\u00b7s internationaux\u00b7ales<\/a><\/li><li><a href=\"https:\/\/enseigner.uqat.ca\/?p=4171\">La p\u00e9dagogie de la premi\u00e8re ann\u00e9e<\/a><\/li><\/ul>\t\t\t\t\t\t\t\t<\/div>\n\t\t\t\t<\/div>\n\t\t\t\t<div class=\"elementor-element elementor-element-29d0b12 elementor-widget elementor-widget-button\" data-id=\"29d0b12\" data-element_type=\"widget\" data-e-type=\"widget\" data-widget_type=\"button.default\">\n\t\t\t\t<div class=\"elementor-widget-container\">\n\t\t\t\t\t\t\t\t\t<div class=\"elementor-button-wrapper\">\n\t\t\t\t\t<a class=\"elementor-button elementor-button-link elementor-size-sm\" href=\"https:\/\/enseigner.uqat.ca\/?page_id=110\" target=\"_blank\">\n\t\t\t\t\t\t<span class=\"elementor-button-content-wrapper\">\n\t\t\t\t\t\t<span class=\"elementor-button-icon\">\n\t\t\t\t<svg aria-hidden=\"true\" class=\"e-font-icon-svg e-far-envelope\" viewBox=\"0 0 512 512\" xmlns=\"http:\/\/www.w3.org\/2000\/svg\"><path d=\"M464 64H48C21.49 64 0 85.49 0 112v288c0 26.51 21.49 48 48 48h416c26.51 0 48-21.49 48-48V112c0-26.51-21.49-48-48-48zm0 48v40.805c-22.422 18.259-58.168 46.651-134.587 106.49-16.841 13.247-50.201 45.072-73.413 44.701-23.208.375-56.579-31.459-73.413-44.701C106.18 199.465 70.425 171.067 48 152.805V112h416zM48 400V214.398c22.914 18.251 55.409 43.862 104.938 82.646 21.857 17.205 60.134 55.186 103.062 54.955 42.717.231 80.509-37.199 103.053-54.947 49.528-38.783 82.032-64.401 104.947-82.653V400H48z\"><\/path><\/svg>\t\t\t<\/span>\n\t\t\t\t\t\t\t\t\t<span class=\"elementor-button-text\"> Besoin d\u2019une consultation? Contactez-nous!<\/span>\n\t\t\t\t\t<\/span>\n\t\t\t\t\t<\/a>\n\t\t\t\t<\/div>\n\t\t\t\t\t\t\t\t<\/div>\n\t\t\t\t<\/div>\n\t\t\t\t<\/div>\n\t\t<div class=\"elementor-element elementor-element-712960c e-con-full e-flex e-con e-child\" data-id=\"712960c\" data-element_type=\"container\" data-e-type=\"container\">\n\t\t\t\t<div class=\"elementor-element elementor-element-2a05460 elementor-widget elementor-widget-image\" data-id=\"2a05460\" data-element_type=\"widget\" data-e-type=\"widget\" data-widget_type=\"image.default\">\n\t\t\t\t<div class=\"elementor-widget-container\">\n\t\t\t\t\t\t\t\t\t\t\t\t\t\t\t<img fetchpriority=\"high\" decoding=\"async\" width=\"800\" height=\"534\" src=\"https:\/\/enseigner.uqat.ca\/wp-content\/uploads\/2026\/01\/AdobeStock_346282869-1024x683.jpg\" class=\"attachment-large size-large wp-image-2923\" alt=\"\" srcset=\"https:\/\/enseigner.uqat.ca\/wp-content\/uploads\/2026\/01\/AdobeStock_346282869-1024x683.jpg 1024w, https:\/\/enseigner.uqat.ca\/wp-content\/uploads\/2026\/01\/AdobeStock_346282869-300x200.jpg 300w, https:\/\/enseigner.uqat.ca\/wp-content\/uploads\/2026\/01\/AdobeStock_346282869-768x512.jpg 768w, https:\/\/enseigner.uqat.ca\/wp-content\/uploads\/2026\/01\/AdobeStock_346282869-1536x1025.jpg 1536w, https:\/\/enseigner.uqat.ca\/wp-content\/uploads\/2026\/01\/AdobeStock_346282869-2048x1367.jpg 2048w\" sizes=\"(max-width: 800px) 100vw, 800px\" \/>\t\t\t\t\t\t\t\t\t\t\t\t\t\t\t<\/div>\n\t\t\t\t<\/div>\n\t\t\t\t<\/div>\n\t\t\t\t\t<\/div>\n\t\t\t\t<\/div>\n\t\t\t\t<\/div>\n\t\t","protected":false},"excerpt":{"rendered":"<p>Apprenez-en plus sur les strat\u00e9gies p\u00e9dagogiques qui favorisent l\u2019engagement et la r\u00e9ussite des personnes \u00e9tudiantes dans les articles suivants : \u00c9laborer des activit\u00e9s d\u2019apprentissage Favoriser un climat de classe propice aux apprentissages Enseignement et Peuples autochtones Favoriser la r\u00e9ussite des \u00e9tudiant\u00b7e\u00b7s internationaux\u00b7ales La p\u00e9dagogie de la premi\u00e8re ann\u00e9e Besoin d\u2019une consultation? Contactez-nous!<\/p>\n","protected":false},"author":5,"featured_media":0,"parent":0,"menu_order":0,"comment_status":"closed","ping_status":"closed","template":"","meta":{"footnotes":""},"class_list":["post-1528","page","type-page","status-publish","hentry"],"_links":{"self":[{"href":"https:\/\/enseigner.uqat.ca\/index.php?rest_route=\/wp\/v2\/pages\/1528","targetHints":{"allow":["GET"]}}],"collection":[{"href":"https:\/\/enseigner.uqat.ca\/index.php?rest_route=\/wp\/v2\/pages"}],"about":[{"href":"https:\/\/enseigner.uqat.ca\/index.php?rest_route=\/wp\/v2\/types\/page"}],"author":[{"embeddable":true,"href":"https:\/\/enseigner.uqat.ca\/index.php?rest_route=\/wp\/v2\/users\/5"}],"replies":[{"embeddable":true,"href":"https:\/\/enseigner.uqat.ca\/index.php?rest_route=%2Fwp%2Fv2%2Fcomments&post=1528"}],"version-history":[{"count":26,"href":"https:\/\/enseigner.uqat.ca\/index.php?rest_route=\/wp\/v2\/pages\/1528\/revisions"}],"predecessor-version":[{"id":4185,"href":"https:\/\/enseigner.uqat.ca\/index.php?rest_route=\/wp\/v2\/pages\/1528\/revisions\/4185"}],"wp:attachment":[{"href":"https:\/\/enseigner.uqat.ca\/index.php?rest_route=%2Fwp%2Fv2%2Fmedia&parent=1528"}],"curies":[{"name":"wp","href":"https:\/\/api.w.org\/{rel}","templated":true}]}}